emainder when (-11)/(-5) - (-4)/(-20) - w is divided by 36.
35
Suppose -d = -5*d + 84. Calculate the remainder when 123/(-3)*-1*2 is divided by d.
19
Suppose 5*p = 4*p + 91. What is the remainder when p is divided by 6/16 - (-5222)/112?
44
Let n = 59 - 57. Calculate the remainder when 79 is divided by (25 - n) + -2 + 2 + -3.
19
Let p = -8 + 28. Let d(a) = 11*a - 33*a - 9 + p*a. Calculate the remainder when 25 is divided by d(-9).
7
Suppose 4*k + 16 = -3*z - k, -2*z + 3*k = -21. Suppose 0*g - 4*g = -g. Suppose 7*o - z*o - 144 = g. Calculate the remainder when 106 is divided by o.
34
Let v(b) = -5*b - 164. What is the remainder when 34 is divided by v(-37)?
13
Let f be 3/9*-2*-6. Suppose h - f = -2. What is the remainder when 5 is divided by h?
1
Suppose 5*z + 2*i = -136, 2*z - 6*z - 114 = -i. Let j(f) = 7*f**2 + 1. What is the remainder when (-6)/14 + (-880)/z is divided by j(-1)?
7
Let w be 8/(-6)*150/20. Let z = -2 - w. Calculate the remainder when (-1)/2*156/(-6) is divided by z.
5
Let z(t) = 90*t**3 - 2*t**2 + 3*t - 2. Calculate the remainder when z(1) is divided by 4/10 - 888/(-30).
29
Let p(g) = -g**3 + 8*g**2 - 13*g - 3. Let q = -1 + 1. Suppose n - 24 = -x, n + q*x - 8 = 3*x. What is the remainder when n is divided by p(5)?
6
Let g(i) = i + 19. Suppose -3*l - 42 = -l. Let v = l + 21. What is the remainder when 55 is divided by g(v)?
17
Let k = 2391 - 2294. What is the remainder when 966 is divided by k?
93
Let m(l) = 4*l**3 - 59*l**2 - 10*l - 13. Calculate the remainder when m(15) is divided by 2/9 + (-284)/(-18).
14
Let t = -254 - -568. Calculate the remainder when t is divided by 7.
6
Let g = 14 - 9. Let q = -105 + 107. Calculate the remainder when g is divided by q.
1
Let w(a) = -a**2 + 6. Let c be w(0). Let u(k) = k**3 - 5*k**2 - k + 2. Calculate the remainder when u(c) is divided by (-4)/(-10) + (-332)/(-20).
15
Suppose -5*z + 2*z + 2*j + 497 = 0, j = 5*z - 826. Suppose 0 = -85*s + 88*s - z. What is the remainder when s is divided by 14?
13
Let d = -51 - -108. Let r(n) = 30*n**2 + 19*n + 30. Calculate the remainder when r(-2) is divided by d.
55
Suppose 0 = -4*y + 3*g + 79, 5*y - 68 = -4*g + 23. Suppose 2*x = -0*h - 3*h + y, -x = -4*h + 7. What is the remainder when 15 is divided by h?
0
Let x be (-1)/((-5)/(-330)*2). Let i = x - -33. Suppose 0*n + 4*n - 52 = i. Calculate the remainder when 34 is divided by n.
8
Suppose -60 = -2*x - 5*s, -x + 2*s = -6*x + 171. Let g = 106 - x. What is the remainder when g is divided by 18?
17
Suppose 92*k + 2286 = 8358. Calculate the remainder when 244 is divided by k.
46
Let h(k) = -k**3 - 8*k**2 - 9*k + 5. Suppose 18 = 4*a + 2*d, 5*a + d + 0*d - 30 = 0. Let i = a + -14. Calculate the remainder when 37 is divided by h(i).
18
Suppose v = -2*z - 2*z - 137, 5*v = -25. Let d = -28 - z. Calculate the remainder when 7 is divided by d.
2
Let u(p) = p**2 + 6*p + 2. Let n be u(-6). Suppose -q + 97 = n*q - 4*y, 2*y + 31 = q. What is the remainder when q is divided by 20?
15
Let t = 14 + -8. Suppose -4*c = -16, -2*s + 3*c - 144 + 148 = 0. What is the remainder when s is divided by t?
2
Let g = 11 + -10. Suppose 5 + 67 = 2*u. Suppose 3*j = -2*j - 4*m + u, g = -m. Calculate the remainder when j is divided by 3.
2
Suppose -124 - 100 = -4*j. Calculate the remainder when 218 is divided by j.
50
Let c = -11 - -7. Calculate the remainder when 114 is divided by c/26 + (-2453)/(-143).
12
Suppose c - 50 = -5*h, 78*h = -4*c + 83*h + 150. What is the remainder when 157 is divided by c?
37
Suppose 1 + 4 = i. Let y = 25 + -36. Let g = y - -14. What is the remainder when i is divided by g?
2
Suppose 0 = w - 0*w. Suppose w = -4*o - 8 + 20. Suppose 3*g - 399 = -0*g + 5*i, o*g + 2*i - 399 = 0. What is the remainder when g is divided by 34?
31
Suppose -1514 = -3*s - 4*u, s - 5*u + 2019 = 5*s. Calculate the remainder when s is divided by 30.
26
Let o(p) = p**3 + 25*p**2 - 2*p - 25. Suppose -3*k + s + 141 = 0, 5*k + 4*s = 414 - 162. Calculate the remainder when k is divided by o(-25).
23
Suppose 2489 - 2342 = 21*z. What is the remainder when (-79)/(-3) - (-2)/(-6) is divided by z?
5
Let w be (-84)/8 - 3/(-2). Suppose -r - 5*t + 76 = 3*r, 132 = 5*r - 3*t. Let y = w + r. What is the remainder when 27 is divided by y?
12
Suppose -466 = -7*d - 39. What is the remainder when d is divided by 4?
1
Let f = -12 - -15. Let j(c) = -3*c - c**3 - 6*c**2 + c - f + 0. Calculate the remainder when j(-6) is divided by 3.
0
Suppose -11 = 2*v - 5. Let z(u) = -u + 9. Let k(t) = 4. Let g(d) = v*z(d) + 5*k(d). Calculate the remainder when 32 is divided by g(8).
15
Let b = 110 + -76. Suppose -4*u + 2*u = -38. What is the remainder when b is divided by u?
15
Suppose c = -0*g + 3*g + 1, -2*g - 5*c + 22 = 0. Let m(f) = 36*f**2 + 2*f - 1. Calculate the remainder when m(g) is divided by 13.
11
Suppose -4*j = -5*j + 35. Suppose -q + 180 = -j. Calculate the remainder when q is divided by 36.
35
Let b be ((-6)/(-21) - (-10)/14)*5. Suppose 6*v - 2*v - 5*s = 71, 4*s - 30 = -3*v. What is the remainder when 24 is divided by v/35 - (-33)/b?
3
Let k = 147 + -99. Suppose -71 = -3*l + 5*b, -5*l + b + 75 = -58. Calculate the remainder when k is divided by l.
21
Suppose 2*r = 0, -q + 6*r + 22 = r. Let m be 3/3 + 12/3. Let p = q - m. Calculate the remainder when p is divided by 10.
7
Let i be (-118)/(4/4*2). What is the remainder when i/3*(-2 - 1) is divided by 13/1 - (-2)/1?
14
Let c be (-3)/21 + 78/7. Let u = c - 3. Suppose 6*t - 9*t = -63. What is the remainder when t is divided by u?
5
Let r(a) = -a**2 - 5*a + 5. Let p(x) = x**3 - 22*x**2 - 48*x + 17. Calculate the remainder when p(24) is divided by r(-5).
2
Let j(t) = t**2 - 27*t + 1. Let c be j(15). Let o = c - -254. What is the remainder when o is divided by 26?
23
Let j(y) = 7*y**2 - 24*y + 7. Let a be j(6). Suppose 12*n = 17*n - a. What is the remainder when 88 is divided by n?
19
Let k(y) = -9*y - 29. Suppose 4*p = -4*t - 20, 0*t + p = -3*t - 23. Calculate the remainder when k(t) is divided by 27.
25
Let x = 63 + -43. Suppose -176 = -6*z - 10*z. Calculate the remainder when x is divided by z.
9
Suppose 2*w = -0*w + 194. Let k = w - 60. What is the remainder when k is divided by 20?
17
Suppose 0*g - 5*h + 10 = -g, 4*h = -2*g + 22. Calculate the remainder when 169 is divided by g.
4
What is the remainder when (0 - (3 - 5))*(-151)/(-2) is divided by 80?
71
Let l be (88 - 87)*(-2)/3*-3. Calculate the remainder when (-38)/(-6)*(l - -7) is divided by 10.
7
Suppose 4*j + 4*y = 1784, -5*j = -4*y + 171 - 2383. Calculate the remainder when 446 is divided by j.
2
Let x(w) = -2*w**2 - 10*w + 14. Let r be x(-6). What is the remainder when 43 is divided by -1 + r + 75/5?
11
Let p be (-6)/15 + 602/5. Let t = p + -86. Let u = -1 - -10. What is the remainder when t is divided by u?
7
Suppose -98*u + 1661 = -87*u. What is the remainder when u is divided by 75?
1
Let m(y) = -79*y + 4. Let g be m(-6). Suppose -5*q = 8 - g. Suppose 2*u = -0*u + q. Calculate the remainder when u is divided by 8.
7
Let s = 27 + 12. Let j(h) = -6*h + 38. Calculate the remainder when s is divided by j(4).
11
Suppose 6 = -4*t + 58. Calculate the remainder when 1/3 + 550/15 is divided by (-855)/(-65) + (-2)/t.
11
Let q = 27 - 22. Suppose -54 = -q*u - 3*s, -2*u - u + 42 = -3*s. Calculate the remainder when 20 is divided by u.
8
Suppose 16*l = -0*l + 688. Calculate the remainder when 128 is divided by l.
42
Let d = 245 - 236. Calculate the remainder when 81 is divided by d.
0
Let y be ((-44)/(-10))/(3/15). Let b be y/(-4)*(-1 - 1). Let s(d) = 3*d + 2. Calculate the remainder when s(b) is divided by 9.
8
Suppose 4*y + 2*z + 209 = 5*z, -4 = 4*z. Let s = y + 55. What is the remainder when 10 is divided by s?
0
Calculate the remainder when -12 + (-997)/(-3) + (-2)/6 is divided by 83.
71
Suppose 0 = -2*i - 15 - 83. Let n = i - -134. What is the remainder when n is divided by 22?
19
Suppose 5*c = f - 87, 2*c + c = -3*f + 207. Calculate the remainder when 131 is divided by f.
59
Suppose 4809 + 1021 = 10*w. What is the remainder when w is divided by 15?
13
Suppose 5*q - 21 = -4*d, -31 = 5*d + q - 73. Suppose 50 = -d*a + 11*a. What is the remainder when 51 is divided by (-126)/(-10) + 10/a?
12
Suppose -3*y + w - 6*w + 42 = 0, 3*y + 3*w - 36 = 0. Suppose -190 =